 greatest common factor of 9 and 1926?
9
Calculate the greatest common divisor of 501 and 3.
3
Calculate the highest common divisor of 1957 and 19.
19
What is the highest common factor of 160 and 100?
20
Calculate the greatest common factor of 756 and 324.
108
Calculate the highest common factor of 232 and 58.
58
Calculate the highest common divisor of 170 and 68.
34
What is the greatest common factor of 17641 and 115?
23
What is the greatest common divisor of 804 and 871?
67
Calculate the greatest common divisor of 16 and 2.
2
Calculate the greatest common divisor of 2 and 22.
2
Calculate the greatest common factor of 88 and 968.
88
Calculate the highest common factor of 112 and 714.
14
Calculate the greatest common factor of 253 and 7889.
23
What is the highest common factor of 4536 and 486?
162
Calculate the greatest common factor of 63 and 117.
9
Calculate the highest common divisor of 83 and 913.
83
Calculate the greatest common factor of 34 and 306.
34
Calculate the highest common factor of 6318 and 78.
78
What is the greatest common factor of 8 and 1352?
8
Calculate the highest common divisor of 3263 and 13.
13
What is the greatest common divisor of 96 and 1312?
32
What is the highest common factor of 1232 and 22?
22
Calculate the highest common divisor of 6 and 3963.
3
Calculate the greatest common factor of 150 and 325.
25
Calculate the highest common divisor of 6012 and 27.
9
What is the greatest common divisor of 1055 and 10?
5
Calculate the highest common divisor of 3776 and 32.
32
Calculate the greatest common divisor of 2403 and 445.
89
What is the greatest common factor of 39 and 117?
39
What is the highest common divisor of 1221 and 187?
11
Calculate the greatest common divisor of 6210 and 23.
23
Calculate the greatest common factor of 8 and 68.
4
Calculate the greatest common factor of 479 and 3.
1
What is the highest common factor of 14 and 350?
14
Calculate the highest common divisor of 4601 and 43.
43
What is the highest common factor of 456 and 96?
24
Calculate the highest common divisor of 192 and 16.
16
What is the greatest common factor of 1189 and 29?
29
What is the greatest common divisor of 10 and 1370?
10
Calculate the highest common factor of 14790 and 10.
10
What is the greatest common divisor of 26 and 462?
2
Calculate the greatest common divisor of 20 and 760.
20
Calculate the highest common factor of 17400 and 20.
20
Calculate the greatest common factor of 32 and 208.
16
Calculate the highest common factor of 1044 and 3915.
261
What is the highest common divisor of 6 and 63?
3
Calculate the highest common divisor of 9 and 2061.
9
What is the greatest common factor of 611 and 26?
13
Calculate the highest common divisor of 80 and 90.
10
Calculate the greatest common factor of 84 and 966.
42
Calculate the greatest common divisor of 27 and 45.
9
Calculate the highest common factor of 205 and 5.
5
Calculate the highest common factor of 81 and 108.
27
What is the greatest common divisor of 58 and 1856?
58
Calculate the highest common factor of 3840 and 120.
120
What is the highest common factor of 2585 and 440?
55
Calculate the highest common factor of 56 and 1512.
56
Calculate the greatest common factor of 430 and 688.
86
What is the greatest common factor of 18920 and 55?
55
What is the greatest common divisor of 1261 and 78?
13
What is the greatest common factor of 518 and 238?
14
What is the greatest common divisor of 55404 and 9?
9
What is the greatest common divisor of 27 and 837?
27
What is the greatest common factor of 481 and 273?
13
Calculate the highest common divisor of 160 and 512.
32
Calculate the highest common factor of 17 and 17323.
17
What is the greatest common factor of 312 and 117?
39
What is the highest common factor of 11 and 2189?
11
Calculate the highest common factor of 21 and 25501.
7
What is the greatest common factor of 323 and 51?
17
Calculate the greatest common divisor of 16 and 736.
16
What is the greatest common factor of 253 and 92?
23
What is the highest common divisor of 14 and 469?
7
What is the highest common factor of 76 and 2413?
19
What is the highest common divisor of 40 and 8?
8
Calculate the greatest common factor of 4 and 92.
4
What is the greatest common factor of 5 and 235?
5
What is the greatest common factor of 828 and 46?
46
Calculate the highest common divisor of 7 and 52.
1
What is the highest common divisor of 12 and 375?
3
Calculate the greatest common divisor of 495 and 15.
15
Calculate the highest common factor of 124 and 589.
31
Calculate the highest common factor of 32 and 224.
32
Calculate the greatest common divisor of 20 and 3035.
5
Calculate the highest common divisor of 336 and 784.
112
Calculate the greatest common factor of 30 and 984.
6
Calculate the highest common divisor of 24570 and 20.
10
What is the highest common factor of 13 and 3757?
13
Calculate the highest common divisor of 378 and 594.
54
Calculate the greatest common divisor of 182 and 130.
26
What is the highest common factor of 416 and 512?
32
What is the highest common factor of 4251 and 981?
327
What is the greatest common factor of 96 and 240?
48
What is the highest common divisor of 32 and 48?
16
What is the highest common factor of 232 and 29?
29
Calculate the highest common factor of 36 and 171.
9
What is the highest common divisor of 8 and 520?
8
What is the greatest common factor of 700 and 2275?
175
Calculate the greatest common divisor of 91 and 203.
7
What is the highest common divisor of 6 and 1059?
3
Calculate the greatest common divisor of 8 and 2932.
4
What is the highest common factor of 135 and 1107?
27
What is the greatest common divisor of 80 and 180?
20
Calculate the highest common factor of 122 and 18788.
122
What is the greatest common divisor of 544 and 32?
32
What is the highest common divisor of 365 and 219?
73
What is the highest common factor of 48 and 944?
16
What is the greatest common divisor of 560 and 105?
35
Calculate the highest common factor of 184 and 138.
46
What is the greatest common divisor of 8300 and 75?
25
Calculate the highest common divisor of 25 and 5315.
5
Calculate the highest common factor of 425 and 34.
17
Calculate the greatest common divisor of 108 and 36.
36
Calculate the highest common divisor of 204 and 3774.
102
Calculate the highest common divisor of 38 and 38.
38
What is the greatest common divisor of 1057 and 2416?
151
Calculate the greatest common divisor of 1634 and 1026.
38
Calculate the highest common divisor of 140 and 308.
28
What is the greatest common divisor of 264 and 48?
24
Calculate the highest common factor of 1066 and 26.
26
Calculate the greatest common divisor of 290 and 174.
58
Calculate the highest common factor of 2110 and 290.
10
Calculate the highest common divisor of 341 and 319.
11
What is the highest common divisor of 220 and 165?
55
Calculate the greatest common factor of 72 and 5568.
24
Calculate the greatest common divisor of 10 and 35.
5
Calculate the greatest common divisor of 256 and 100.
4
Calculate the greatest common factor of 27 and 2889.
27
Calculate the greatest common factor of 591 and 21.
3
What is the greatest common factor of 68760 and 240?
120
What is the greatest common divisor of 84 and 861?
21
Calculate the highest common divisor of 54 and 12924.
18
What is the highest common factor of 12 and 14?
2
Calculate the greatest common divisor of 5022 and 162.
162
What is the highest common divisor of 1152 and 36?
36
Calculate the greatest common factor of 507 and 377.
13
What is the greatest common factor of 582 and 70713?
291
Calculate the highest common factor of 52 and 4.
4
Calculate the highest common factor of 60 and 30.
30
What is the highest common factor of 46 and 368?
46
Calculate the highest common factor of 55 and 209.
11
Calculate the greatest common factor of 17 and 3026.
17
What is the greatest common factor of 456 and 513?
57
What is the greatest common factor of 42 and 1596?
42
What is the greatest common divisor of 15826 and 164?
82
Calculate the highest common factor of 2 and 8986.
2
What is the greatest common divisor of 38 and 5624?
38
Calculate the highest common divisor of 63 and 27153.
63
Calculate the greatest common factor of 660 and 550.
110
Calculate the greates